{"id":63,"date":"2017-02-05T12:35:33","date_gmt":"2017-02-05T11:35:33","guid":{"rendered":"https:\/\/www.worte-die-bewegen.com%20\/?page_id=63"},"modified":"2025-10-21T12:30:43","modified_gmt":"2025-10-21T10:30:43","slug":"freiheit-und-unabhaengigkeit","status":"publish","type":"page","link":"https:\/\/www.worte-die-bewegen.com\/?page_id=63","title":{"rendered":"unverbindliche Anfrage"},"content":{"rendered":"<p>Wir lernen uns ganz unverbindlich kennen, sp\u00fcren hinein, ob wir zusammenpassen und vereinbaren einen Termin f\u00fcr ein pers\u00f6nliches Vorgespr\u00e4ch \u2013 bei Ihnen zu Hause, per Video oder Telefon.<\/p>\n<p><!--more--><\/p>\n<h3><strong>Vorgespr\u00e4ch<\/strong><\/h3>\n<p>Die Dauer des Vorgespr\u00e4chs ist unterschiedlich \u2013 je nach Anlass, Dauer der Rede sowie der Art und Anzahl der Rituale.<\/p>\n<h3><strong>Individuelle Rede und Zeremonie ausarbeiten<\/strong><\/h3>\n<p>Ich erarbeite auf der Grundlage des Vorgespr\u00e4chs, Ihrer W\u00fcnsche, Werte und Vorstellungen eine pers\u00f6nliche, individuelle Ansprache und Zeremonie aus.<\/p>\n<h3><strong>Der Tag<\/strong><\/h3>\n<p>Am Tag Ihres Anlasses, werde ich fr\u00fcher da sein, um zu schauen, ob alles klappt \u2013 mit der Technik, der Musik und nat\u00fcrlich um f\u00fcr Sie da zu sein. Nach der Zeremonie bleibe ich gerne noch eine Weile bei Ihnen und verabschiede mich ganz beseelt von den Eindr\u00fccken des Tages.<\/p>\n<h3><strong>Begleitung<\/strong><\/h3>\n<p>W\u00fcnschen Sie sich eine Begleitung \u00fcber die Feier hinaus, z.B. Trauerbegleitung, nehmen Sie bitte <a href=\"https:\/\/www.worte-die-bewegen.com\/?page_id=151\">Kontakt<\/a> mit mir auf. Neben meiner T\u00e4tigkeit als Rednerin, verf\u00fcge ich \u00fcber eine mehrj\u00e4hrige Erfahrung als systemische Beraterin (2012), Gesundheitspraktikerin (2016) und Trainerin IHK (2016).<\/p>\n<p>&nbsp;<\/p>\n","protected":false},"excerpt":{"rendered":"<p>Wir lernen uns ganz unverbindlich kennen, sp\u00fcren hinein, ob wir zusammenpassen und vereinbaren einen Termin f\u00fcr ein pers\u00f6nliches Vorgespr\u00e4ch \u2013 bei Ihnen zu Hause, per Video oder Telefon.<\/p>\n","protected":false},"author":1,"featured_media":863,"parent":12,"menu_order":7,"comment_status":"closed","ping_status":"closed","template":"page-templates\/full-width-page.php","meta":{"footnotes":""},"class_list":["post-63","page","type-page","status-publish","has-post-thumbnail","hentry"],"jetpack_sharing_enabled":true,"_links":{"self":[{"href":"https:\/\/www.worte-die-bewegen.com\/index.php?rest_route=\/wp\/v2\/pages\/63","targetHints":{"allow":["GET"]}}],"collection":[{"href":"https:\/\/www.worte-die-bewegen.com\/index.php?rest_route=\/wp\/v2\/pages"}],"about":[{"href":"https:\/\/www.worte-die-bewegen.com\/index.php?rest_route=\/wp\/v2\/types\/page"}],"author":[{"embeddable":true,"href":"https:\/\/www.worte-die-bewegen.com\/index.php?rest_route=\/wp\/v2\/users\/1"}],"replies":[{"embeddable":true,"href":"https:\/\/www.worte-die-bewegen.com\/index.php?rest_route=%2Fwp%2Fv2%2Fcomments&post=63"}],"version-history":[{"count":39,"href":"https:\/\/www.worte-die-bewegen.com\/index.php?rest_route=\/wp\/v2\/pages\/63\/revisions"}],"predecessor-version":[{"id":1059,"href":"https:\/\/www.worte-die-bewegen.com\/index.php?rest_route=\/wp\/v2\/pages\/63\/revisions\/1059"}],"up":[{"embeddable":true,"href":"https:\/\/www.worte-die-bewegen.com\/index.php?rest_route=\/wp\/v2\/pages\/12"}],"wp:featuredmedia":[{"embeddable":true,"href":"https:\/\/www.worte-die-bewegen.com\/index.php?rest_route=\/wp\/v2\/media\/863"}],"wp:attachment":[{"href":"https:\/\/www.worte-die-bewegen.com\/index.php?rest_route=%2Fwp%2Fv2%2Fmedia&parent=63"}],"curies":[{"name":"wp","href":"https:\/\/api.w.org\/{rel}","templated":true}]}}